{"id":764,"date":"2019-02-28T23:18:38","date_gmt":"2019-03-01T06:18:38","guid":{"rendered":"http:\/\/fts.uas.edu.mx\/?page_id=764"},"modified":"2023-06-29T12:58:26","modified_gmt":"2023-06-29T19:58:26","slug":"practicas-profesionales","status":"publish","type":"page","link":"https:\/\/fts.uas.edu.mx\/?page_id=764","title":{"rendered":"PRACTICAS PROFESIONALES"},"content":{"rendered":"\t\t<div data-elementor-type=\"wp-page\" data-elementor-id=\"764\" class=\"elementor elementor-764\">\n\t\t\t\t\t\t<section class=\"elementor-section elementor-top-section elementor-element elementor-element-433f4462 elementor-section-boxed elementor-section-height-default elementor-section-height-default\" data-id=\"433f4462\" data-element_type=\"section\">\n\t\t\t\t\t\t<div class=\"elementor-container elementor-column-gap-default\">\n\t\t\t\t\t<div class=\"elementor-column elementor-col-100 elementor-top-column elementor-element elementor-element-1ed3d878\" data-id=\"1ed3d878\" data-element_type=\"column\">\n\t\t\t<div class=\"elementor-widget-wrap elementor-element-populated\">\n\t\t\t\t\t\t<div class=\"elementor-element elementor-element-6ada951f elementor-widget elementor-widget-text-editor\" data-id=\"6ada951f\" data-element_type=\"widget\" data-widget_type=\"text-editor.default\">\n\t\t\t\t<div class=\"elementor-widget-container\">\n\t\t\t\t\t\t\t\t\t<h4>FUNCIONES GENERALES DEL DEPARTAMENTO DE LICENCIATURA Y PR\u00c1CTICAS<\/h4>\n<p>El departamento de Licenciatura y Pr\u00e1cticas una de las muchas funciones que realiza es fomentar a las y los docentes que analicen y actualicen los programas que se impartir\u00e1n cada semestre, adem\u00e1s se trabaja con todos los maestros de eje rector para coordinar actividades tales como paneles de expertos y conferencias que se imparten a los alumnos de nuevo ingreso, otra de las funciones es organizar la pr\u00e1ctica escolar, todo lo que se menciona anteriormente es en conjunto con los docentes que se encuentran a cargo de alguna materia de eje.<\/p>\n<p>Referente a la pr\u00e1ctica, el departamento se encarga de elaborar directorios institucionales, hacer la vinculaci\u00f3n con las instituciones de p\u00fablicas, privadas y mixtas, donde los alumnos y las alumnas desarrollan las pr\u00e1cticas, organizaci\u00f3n del programa de laboratorio para el alumnado de primer a\u00f1o, las visitas guiadas a distintas instituciones, la asignaci\u00f3n a instituciones donde desarrollan la practica escolar, los y las alumnas del tercer semestre y cuarto semestre, hasta la pr\u00e1ctica profesional en el octavo semestre. Otra de las actividades son la organizaci\u00f3n e impartici\u00f3n de conferencias, paneles, talleres y foros acad\u00e9micos que tengan que ver con la especificidad del Trabajo Social.<\/p>\n<p>Horario de atenci\u00f3n: 9:00 am a 5:00 pm<\/p>\n<h4>Servicios al alumno:<\/h4>\n<ul>\n<li>Expedici\u00f3n de oficios de pr\u00e1ctica institucional<\/li>\n<li>Comunitaria y profesional<\/li>\n<\/ul>\n<h4>\u00bfQu\u00e9 necesito para solicitar un oficio de pr\u00e1ctica?<\/h4>\n<ul>\n<li>Nombre de instituci\u00f3n<\/li>\n<li>Nombre a quien va dirigido el oficio<\/li>\n<li>Grado acad\u00e9mico y puesto de la persona a quien va dirigido el oficio<\/li>\n<li>Horario<\/li>\n<li>Nombre del proyecto<\/li>\n<li>Nombre de los practicantes<\/li>\n<li>Nombre del docente a cargo<\/li>\n<\/ul>\n<h4>\u00bfQu\u00e9 necesito para solicitar un gafete?<\/h4>\n<ul>\n<li>Nombre completo<\/li>\n<li>Fotograf\u00eda tama\u00f1o infantil<\/li>\n<\/ul>\n<p>Se tiene que solicitar con 3 d\u00edas de anticipaci\u00f3n<\/p>\n<h4>Contacto:<\/h4>\n<p>Correo electr\u00f3nico: fts.licenciaturaypracticas@gmail.com<\/p>\t\t\t\t\t\t\t\t<\/div>\n\t\t\t\t<\/div>\n\t\t\t\t\t<\/div>\n\t\t<\/div>\n\t\t\t\t\t<\/div>\n\t\t<\/section>\n\t\t\t\t<\/div>\n\t\t","protected":false},"excerpt":{"rendered":"<p>FUNCIONES GENERALES DEL DEPARTAMENTO DE LICENCIATURA Y PR\u00c1CTICAS El departamento de Licenciatura y Pr\u00e1cticas una de las muchas funciones que realiza es fomentar a las y los docentes que analicen y actualicen los programas que se impartir\u00e1n cada semestre, adem\u00e1s se trabaja con todos los maestros de eje rector para coordinar actividades tales como paneles&hellip; <br \/> <a class=\"read-more\" href=\"https:\/\/fts.uas.edu.mx\/?page_id=764\">Leer m\u00e1s<\/a><\/p>\n","protected":false},"author":4,"featured_media":0,"parent":0,"menu_order":0,"comment_status":"closed","ping_status":"closed","template":"","meta":{"_vp_format_video_url":"","_vp_image_focal_point":[],"footnotes":""},"class_list":["post-764","page","type-page","status-publish","hentry"],"_links":{"self":[{"href":"https:\/\/fts.uas.edu.mx\/index.php?rest_route=\/wp\/v2\/pages\/764","targetHints":{"allow":["GET"]}}],"collection":[{"href":"https:\/\/fts.uas.edu.mx\/index.php?rest_route=\/wp\/v2\/pages"}],"about":[{"href":"https:\/\/fts.uas.edu.mx\/index.php?rest_route=\/wp\/v2\/types\/page"}],"author":[{"embeddable":true,"href":"https:\/\/fts.uas.edu.mx\/index.php?rest_route=\/wp\/v2\/users\/4"}],"replies":[{"embeddable":true,"href":"https:\/\/fts.uas.edu.mx\/index.php?rest_route=%2Fwp%2Fv2%2Fcomments&post=764"}],"version-history":[{"count":17,"href":"https:\/\/fts.uas.edu.mx\/index.php?rest_route=\/wp\/v2\/pages\/764\/revisions"}],"predecessor-version":[{"id":2498,"href":"https:\/\/fts.uas.edu.mx\/index.php?rest_route=\/wp\/v2\/pages\/764\/revisions\/2498"}],"wp:attachment":[{"href":"https:\/\/fts.uas.edu.mx\/index.php?rest_route=%2Fwp%2Fv2%2Fmedia&parent=764"}],"curies":[{"name":"wp","href":"https:\/\/api.w.org\/{rel}","templated":true}]}}

<div data-elementor-type="wp-page" data-elementor-id="764" class="elementor elementor-764">
						<section class="elementor-section elementor-top-section elementor-element elementor-element-433f4462 elementor-section-boxed elementor-section-height-default elementor-section-height-default" data-id="433f4462" data-element_type="section">
						<div class="elementor-container elementor-column-gap-default">
					<div class="elementor-column elementor-col-100 elementor-top-column elementor-element elementor-element-1ed3d878" data-id="1ed3d878" data-element_type="column">
			<div class="elementor-widget-wrap elementor-element-populated">
						<div class="elementor-element elementor-element-6ada951f elementor-widget elementor-widget-text-editor" data-id="6ada951f" data-element_type="widget" data-widget_type="text-editor.default">
				<div class="elementor-widget-container">
									<h4>FUNCIONES GENERALES DEL DEPARTAMENTO DE LICENCIATURA Y PRÁCTICAS</h4>
<p>El departamento de Licenciatura y Prácticas una de las muchas funciones que realiza es fomentar a las y los docentes que analicen y actualicen los programas que se impartirán cada semestre, además se trabaja con todos los maestros de eje rector para coordinar actividades tales como paneles de expertos y conferencias que se imparten a los alumnos de nuevo ingreso, otra de las funciones es organizar la práctica escolar, todo lo que se menciona anteriormente es en conjunto con los docentes que se encuentran a cargo de alguna materia de eje.</p>
<p>Referente a la práctica, el departamento se encarga de elaborar directorios institucionales, hacer la vinculación con las instituciones de públicas, privadas y mixtas, donde los alumnos y las alumnas desarrollan las prácticas, organización del programa de laboratorio para el alumnado de primer año, las visitas guiadas a distintas instituciones, la asignación a instituciones donde desarrollan la practica escolar, los y las alumnas del tercer semestre y cuarto semestre, hasta la práctica profesional en el octavo semestre. Otra de las actividades son la organización e impartición de conferencias, paneles, talleres y foros académicos que tengan que ver con la especificidad del Trabajo Social.</p>
<p>Horario de atención: 9:00 am a 5:00 pm</p>
<h4>Servicios al alumno:</h4>
<ul>
<li>Expedición de oficios de práctica institucional</li>
<li>Comunitaria y profesional</li>
</ul>
<h4>¿Qué necesito para solicitar un oficio de práctica?</h4>
<ul>
<li>Nombre de institución</li>
<li>Nombre a quien va dirigido el oficio</li>
<li>Grado académico y puesto de la persona a quien va dirigido el oficio</li>
<li>Horario</li>
<li>Nombre del proyecto</li>
<li>Nombre de los practicantes</li>
<li>Nombre del docente a cargo</li>
</ul>
<h4>¿Qué necesito para solicitar un gafete?</h4>
<ul>
<li>Nombre completo</li>
<li>Fotografía tamaño infantil</li>
</ul>
<p>Se tiene que solicitar con 3 días de anticipación</p>
<h4>Contacto:</h4>
<p>Correo electrónico: fts.licenciaturaypracticas@gmail.com</p>								</div>
				</div>
					</div>
		</div>
					</div>
		</section>
				</div>

<p>FUNCIONES GENERALES DEL DEPARTAMENTO DE LICENCIATURA Y PRÁCTICAS El departamento de Licenciatura y Prácticas una de las muchas funciones que realiza es fomentar a las y los docentes que analicen y actualicen los programas que se impartirán cada semestre, además se trabaja con todos los maestros de eje rector para coordinar actividades tales como paneles&hellip; <br /> <a class="read-more" href="https://fts.uas.edu.mx/?page_id=764">Leer más</a></p>
