{"id":745,"date":"2019-02-28T23:11:54","date_gmt":"2019-03-01T06:11:54","guid":{"rendered":"http:\/\/fts.uas.edu.mx\/?page_id=745"},"modified":"2023-06-29T12:55:27","modified_gmt":"2023-06-29T19:55:27","slug":"lic-en-trabajo-social-semi-escolarizada","status":"publish","type":"page","link":"https:\/\/fts.uas.edu.mx\/?page_id=745","title":{"rendered":"LIC. EN TRABAJO SOCIAL (SEMI-ESCOLARIZADA)"},"content":{"rendered":"<ul>\n<li style=\"text-align: left;\"><span style=\"color: #000000;\"><strong>PERFIL DE INGRESO:<\/strong><\/span><\/li>\n<\/ul>\n<p>Contar con 25 a\u00f1os cumplidos.<br \/>\n<span style=\"color: #000000;\">Preferentemente con e<\/span>xperiencia laboral en instituciones p\u00fablicas, privadas, gubernamentales, Asociaciones Civiles del estado de Sinaloa, Sector Empresarial.<\/p>\n<ul>\n<li style=\"text-align: justify;\"><span style=\"color: #000000;\"><strong>PERFIL DE EGRESO:<\/strong><\/span><\/li>\n<\/ul>\n<p style=\"text-align: justify;\">El Licenciado en Trabajo Social se concibe con una formaci\u00f3n amplia, hol\u00edstica en el sentido humano, con habilidades pr\u00e1cticas y una conciencia social mayor que otros profesionistas, por el cumulo de conocimientos te\u00f3ricos, pr\u00e1cticos, metodol\u00f3gicos y t\u00e9cnicos, as\u00ed como por su formaci\u00f3n en valores, que sin ser un eje transversal explicito, le da sentido a la formaci\u00f3n humanista inherente a la profesi\u00f3n.<\/p>\n<p style=\"text-align: justify;\"><span style=\"color: #000000;\">La modalidad semi escolarizada de la <strong>Licenciatura en Trabajo Social<\/strong> \u00a0desarrolla un trabajo intenso y continuo. Su duraci\u00f3n ser\u00e1 de 8 cuatrimestres, equivalentes a 44 materias.<\/span><\/p>\n<p><a href=\"https:\/\/fts.uas.edu.mx\/wp-content\/uploads\/2021\/10\/mapa-curricular-2.jpg\"><img fetchpriority=\"high\" decoding=\"async\" class=\"aligncenter size-full wp-image-1674\" src=\"https:\/\/fts.uas.edu.mx\/wp-content\/uploads\/2021\/10\/mapa-curricular-2.jpg\" alt=\"\" width=\"932\" height=\"548\" srcset=\"https:\/\/fts.uas.edu.mx\/wp-content\/uploads\/2021\/10\/mapa-curricular-2.jpg 932w, https:\/\/fts.uas.edu.mx\/wp-content\/uploads\/2021\/10\/mapa-curricular-2-300x176.jpg 300w, https:\/\/fts.uas.edu.mx\/wp-content\/uploads\/2021\/10\/mapa-curricular-2-768x452.jpg 768w, https:\/\/fts.uas.edu.mx\/wp-content\/uploads\/2021\/10\/mapa-curricular-2-500x294.jpg 500w, https:\/\/fts.uas.edu.mx\/wp-content\/uploads\/2021\/10\/mapa-curricular-2-800x470.jpg 800w\" sizes=\"(max-width: 932px) 100vw, 932px\" \/><\/a><\/p>\n<p style=\"text-align: center;\"><span style=\"color: #000000;\">Los cr\u00e9ditos se cubren con el <strong><em>mapa curricular y una tabla de actividades extracurriculares de libre elecci\u00f3n (40).<\/em><\/strong><\/span><\/p>\n<ul>\n<li style=\"text-align: left;\"><span style=\"color: #000000;\"><strong>REQUISITOS DE INGRESO:<\/strong><\/span>\n<ul>\n<li style=\"text-align: left;\">Preinscripci\u00f3n en l\u00ednea costo $ 250.00<\/li>\n<li style=\"text-align: left;\">Aprobaci\u00f3n del examen de admisi\u00f3n<\/li>\n<li style=\"text-align: left;\">\u00a0Asistir al curso de inducci\u00f3n<\/li>\n<li style=\"text-align: left;\">\u00a08 pagos de $ 1900 semestral<\/li>\n<li style=\"text-align: left;\">\u00a0Recibo de validaci\u00f3n, solo en caso de no provenir de una preparatoria UAS: $ 120.00<\/li>\n<li style=\"text-align: left;\">\u00a0Carta de Autenticidad expedida por la escuela donde estudio (excepto de la UAS)<\/li>\n<li style=\"text-align: left;\">\u00a0Acta de nacimiento original<\/li>\n<li style=\"text-align: left;\">\u00a0Copia del CURP<\/li>\n<li style=\"text-align: left;\">\u00a0Copia de la credencial de elector.<\/li>\n<li style=\"text-align: left;\">\u00a0Carta de exposici\u00f3n de motivos<\/li>\n<\/ul>\n<\/li>\n<\/ul>\n<ul>\n<li style=\"text-align: left;\"><span style=\"color: #000000;\"><strong>HORARIO DE CLASES:<\/strong><\/span>\n<ul>\n<li style=\"text-align: left;\"><span style=\"color: #000000;\"><strong><em>S\u00e1bados y Domingos<\/em><\/strong> de 8:00 am a 3:00 pm y un s\u00e1bado cada quince d\u00edas su horario ser\u00e1 de 8:00 am a 4:00 pm.<\/span><\/li>\n<li style=\"text-align: left;\"><span style=\"color: #000000;\">Una materia se cursa en <strong><em>tres fines de Semana.<\/em><\/strong><\/span><\/li>\n<\/ul>\n<\/li>\n<\/ul>\n","protected":false},"excerpt":{"rendered":"<p>PERFIL DE INGRESO: Contar con 25 a\u00f1os cumplidos. Preferentemente con experiencia laboral en instituciones p\u00fablicas, privadas, gubernamentales, Asociaciones Civiles del estado de Sinaloa, Sector Empresarial. PERFIL DE EGRESO: El Licenciado en Trabajo Social se concibe con una formaci\u00f3n amplia, hol\u00edstica en el sentido humano, con habilidades pr\u00e1cticas y una conciencia social mayor que otros profesionistas,&hellip; <br \/> <a class=\"read-more\" href=\"https:\/\/fts.uas.edu.mx\/?page_id=745\">Leer m\u00e1s<\/a><\/p>\n","protected":false},"author":4,"featured_media":0,"parent":0,"menu_order":0,"comment_status":"closed","ping_status":"closed","template":"","meta":{"_vp_format_video_url":"","_vp_image_focal_point":[],"footnotes":""},"class_list":["post-745","page","type-page","status-publish","hentry"],"_links":{"self":[{"href":"https:\/\/fts.uas.edu.mx\/index.php?rest_route=\/wp\/v2\/pages\/745","targetHints":{"allow":["GET"]}}],"collection":[{"href":"https:\/\/fts.uas.edu.mx\/index.php?rest_route=\/wp\/v2\/pages"}],"about":[{"href":"https:\/\/fts.uas.edu.mx\/index.php?rest_route=\/wp\/v2\/types\/page"}],"author":[{"embeddable":true,"href":"https:\/\/fts.uas.edu.mx\/index.php?rest_route=\/wp\/v2\/users\/4"}],"replies":[{"embeddable":true,"href":"https:\/\/fts.uas.edu.mx\/index.php?rest_route=%2Fwp%2Fv2%2Fcomments&post=745"}],"version-history":[{"count":27,"href":"https:\/\/fts.uas.edu.mx\/index.php?rest_route=\/wp\/v2\/pages\/745\/revisions"}],"predecessor-version":[{"id":2488,"href":"https:\/\/fts.uas.edu.mx\/index.php?rest_route=\/wp\/v2\/pages\/745\/revisions\/2488"}],"wp:attachment":[{"href":"https:\/\/fts.uas.edu.mx\/index.php?rest_route=%2Fwp%2Fv2%2Fmedia&parent=745"}],"curies":[{"name":"wp","href":"https:\/\/api.w.org\/{rel}","templated":true}]}}

<ul>
<li style="text-align: left;"><span style="color: #000000;"><strong>PERFIL DE INGRESO:</strong></span></li>
</ul>
<p>Contar con 25 años cumplidos.<br />
<span style="color: #000000;">Preferentemente con e</span>xperiencia laboral en instituciones públicas, privadas, gubernamentales, Asociaciones Civiles del estado de Sinaloa, Sector Empresarial.</p>
<ul>
<li style="text-align: justify;"><span style="color: #000000;"><strong>PERFIL DE EGRESO:</strong></span></li>
</ul>
<p style="text-align: justify;">El Licenciado en Trabajo Social se concibe con una formación amplia, holística en el sentido humano, con habilidades prácticas y una conciencia social mayor que otros profesionistas, por el cumulo de conocimientos teóricos, prácticos, metodológicos y técnicos, así como por su formación en valores, que sin ser un eje transversal explicito, le da sentido a la formación humanista inherente a la profesión.</p>
<p style="text-align: justify;"><span style="color: #000000;">La modalidad semi escolarizada de la <strong>Licenciatura en Trabajo Social</strong>  desarrolla un trabajo intenso y continuo. Su duración será de 8 cuatrimestres, equivalentes a 44 materias.</span></p>
<p><a href="https://fts.uas.edu.mx/wp-content/uploads/2021/10/mapa-curricular-2.jpg"><img fetchpriority="high" decoding="async" class="aligncenter size-full wp-image-1674" src="https://fts.uas.edu.mx/wp-content/uploads/2021/10/mapa-curricular-2.jpg" alt="" width="932" height="548" srcset="https://fts.uas.edu.mx/wp-content/uploads/2021/10/mapa-curricular-2.jpg 932w, https://fts.uas.edu.mx/wp-content/uploads/2021/10/mapa-curricular-2-300x176.jpg 300w, https://fts.uas.edu.mx/wp-content/uploads/2021/10/mapa-curricular-2-768x452.jpg 768w, https://fts.uas.edu.mx/wp-content/uploads/2021/10/mapa-curricular-2-500x294.jpg 500w, https://fts.uas.edu.mx/wp-content/uploads/2021/10/mapa-curricular-2-800x470.jpg 800w" sizes="(max-width: 932px) 100vw, 932px" /></a></p>
<p style="text-align: center;"><span style="color: #000000;">Los créditos se cubren con el <strong><em>mapa curricular y una tabla de actividades extracurriculares de libre elección (40).</em></strong></span></p>
<ul>
<li style="text-align: left;"><span style="color: #000000;"><strong>REQUISITOS DE INGRESO:</strong></span>
<ul>
<li style="text-align: left;">Preinscripción en línea costo $ 250.00</li>
<li style="text-align: left;">Aprobación del examen de admisión</li>
<li style="text-align: left;"> Asistir al curso de inducción</li>
<li style="text-align: left;"> 8 pagos de $ 1900 semestral</li>
<li style="text-align: left;"> Recibo de validación, solo en caso de no provenir de una preparatoria UAS: $ 120.00</li>
<li style="text-align: left;"> Carta de Autenticidad expedida por la escuela donde estudio (excepto de la UAS)</li>
<li style="text-align: left;"> Acta de nacimiento original</li>
<li style="text-align: left;"> Copia del CURP</li>
<li style="text-align: left;"> Copia de la credencial de elector.</li>
<li style="text-align: left;"> Carta de exposición de motivos</li>
</ul>
</li>
</ul>
<ul>
<li style="text-align: left;"><span style="color: #000000;"><strong>HORARIO DE CLASES:</strong></span>
<ul>
<li style="text-align: left;"><span style="color: #000000;"><strong><em>Sábados y Domingos</em></strong> de 8:00 am a 3:00 pm y un sábado cada quince días su horario será de 8:00 am a 4:00 pm.</span></li>
<li style="text-align: left;"><span style="color: #000000;">Una materia se cursa en <strong><em>tres fines de Semana.</em></strong></span></li>
</ul>
</li>
</ul>

<p>PERFIL DE INGRESO: Contar con 25 años cumplidos. Preferentemente con experiencia laboral en instituciones públicas, privadas, gubernamentales, Asociaciones Civiles del estado de Sinaloa, Sector Empresarial. PERFIL DE EGRESO: El Licenciado en Trabajo Social se concibe con una formación amplia, holística en el sentido humano, con habilidades prácticas y una conciencia social mayor que otros profesionistas,&hellip; <br /> <a class="read-more" href="https://fts.uas.edu.mx/?page_id=745">Leer más</a></p>
