{"id":707,"date":"2019-02-28T22:55:53","date_gmt":"2019-03-01T05:55:53","guid":{"rendered":"http:\/\/fts.uas.edu.mx\/?page_id=707"},"modified":"2025-03-12T20:03:38","modified_gmt":"2025-03-13T03:03:38","slug":"normatividad","status":"publish","type":"page","link":"https:\/\/fts.uas.edu.mx\/?page_id=707","title":{"rendered":"DIRECTORIO"},"content":{"rendered":"\t\t<div data-elementor-type=\"wp-page\" data-elementor-id=\"707\" class=\"elementor elementor-707\">\n\t\t\t\t\t\t<section class=\"elementor-section elementor-top-section elementor-element elementor-element-457d2db1 elementor-section-boxed elementor-section-height-default elementor-section-height-default\" data-id=\"457d2db1\" data-element_type=\"section\">\n\t\t\t\t\t\t<div class=\"elementor-container elementor-column-gap-default\">\n\t\t\t\t\t<div class=\"elementor-column elementor-col-100 elementor-top-column elementor-element elementor-element-6de33f50\" data-id=\"6de33f50\" data-element_type=\"column\">\n\t\t\t<div class=\"elementor-widget-wrap elementor-element-populated\">\n\t\t\t\t\t\t<div class=\"elementor-element elementor-element-4a6be6f7 elementor-widget elementor-widget-text-editor\" data-id=\"4a6be6f7\" data-element_type=\"widget\" data-widget_type=\"text-editor.default\">\n\t\t\t\t<div class=\"elementor-widget-container\">\n\t\t\t\t\t\t\t\t\t<h3 style=\"text-align: center;\"><strong>Dra<\/strong>. <strong>Gloria Isabel Camacho Bejarano<\/strong><\/h3>\n<p style=\"text-align: center;\"><strong>Directora<\/strong><\/p>\n<hr>\n<h3 style=\"text-align: center;\"><strong>L.T.S. Karina Moreno Lugo<\/strong><\/h3>\n<p style=\"text-align: center;\"><strong>Coordinadora de Planeaci\u00f3n<\/strong><\/p>\n<hr>\n<h3 style=\"text-align: center;\"><strong>MC. Dulcina Guadalupe Soto Romero<\/strong><\/h3>\n<p style=\"text-align: center;\"><strong>Secretaria Acad\u00e9mica<\/strong><\/p>\n<hr>\n<h3 style=\"text-align: center;\"><strong>MC. Nadia Lizeth Monta\u00f1o Lugo<\/strong><\/h3>\n<p style=\"text-align: center;\"><strong>Secretaria Administrativa<\/strong><\/p>\n<hr>\n<h3 style=\"text-align: center;\"><strong>L.T.S. Rafael Valenzuela L\u00f3pez<\/strong><\/h3>\n<p style=\"text-align: center;\"><strong>Coordinadora&nbsp; de Licenciatura y Pr\u00e1cticas<\/strong><\/p>\n<hr>\n<h3 style=\"text-align: center;\"><strong>Dra. Mar\u00eda Luisa Urrea Zazueta<\/strong><\/h3>\n<p style=\"text-align: center;\"><strong>Coordinadora de Posgrado<\/strong><\/p>\n<hr>\n<h3 style=\"text-align: center;\"><strong>L.C.P. Mar\u00eda Concepci\u00f3n Mac\u00edas Gonz\u00e1lez<\/strong><\/h3>\n<p style=\"text-align: center;\"><strong>Coordinadora de&nbsp; SACE<\/strong><\/p>\n<hr>\n<h3 style=\"text-align: center;\"><strong>Lic. Sofia Gallardo Rodr\u00edguez<\/strong><\/h3>\n<p style=\"text-align: center;\"><strong>Coordinadora de Vinculaci\u00f3n y Servicios Profesionales<\/strong><\/p>\n<hr>\n<h3 style=\"text-align: center;\"><strong>L.T.S. Cesar Alfonso Velarde Garc\u00eda<\/strong><\/h3>\n<p style=\"text-align: center;\"><strong>Coordinador de Educaci\u00f3n Continua<\/strong><\/p>\n<hr>\n<h3 style=\"text-align: center;\"><strong>L.T. S. Hada Brizeth Aispuro Camacho<\/strong><\/h3>\n<p style=\"text-align: center;\"><strong>Coordinadora de Servicio Social<\/strong><\/p>\n<hr>\n<h3 style=\"text-align: center;\"><strong>Lic. Mar\u00eda Casillas Qui\u00f1onez<\/strong><\/h3>\n<p style=\"text-align: center;\"><strong>Coordinadora de Titulaci\u00f3n<\/strong><\/p>\n<hr>\n<h3 style=\"text-align: center;\"><strong>Lic. Aracely Jazm\u00edn Alarc\u00f3n Ibarra<\/strong><\/h3>\n<p style=\"text-align: center;\"><strong>Coordinadora de Tutor\u00edas<\/strong><\/p>\n<hr>\n<h3 style=\"text-align: center;\"><strong>L. P. Gladys Berenice Hern\u00e1ndez&nbsp;Mu\u00f1oz<\/strong><\/h3>\n<p style=\"text-align: center;\"><strong>Coordinadora de Turno Matutino<\/strong><\/p>\n<hr>\n<h3 style=\"text-align: center;\"><strong>Lic. Karicia Mariana Aispuro Camacho<\/strong><\/h3>\n<p style=\"text-align: center;\"><strong>Coordinadora de Turno Vespertino<\/strong><\/p>\t\t\t\t\t\t\t\t<\/div>\n\t\t\t\t<\/div>\n\t\t\t\t\t<\/div>\n\t\t<\/div>\n\t\t\t\t\t<\/div>\n\t\t<\/section>\n\t\t\t\t<\/div>\n\t\t","protected":false},"excerpt":{"rendered":"<p>Dra. Gloria Isabel Camacho Bejarano Directora L.T.S. Karina Moreno Lugo Coordinadora de Planeaci\u00f3n MC. Dulcina Guadalupe Soto Romero Secretaria Acad\u00e9mica MC. Nadia Lizeth Monta\u00f1o Lugo Secretaria Administrativa L.T.S. Rafael Valenzuela L\u00f3pez Coordinadora&nbsp; de Licenciatura y Pr\u00e1cticas Dra. Mar\u00eda Luisa Urrea Zazueta Coordinadora de Posgrado L.C.P. Mar\u00eda Concepci\u00f3n Mac\u00edas Gonz\u00e1lez Coordinadora de&nbsp; SACE Lic. Sofia Gallardo&hellip; <br \/> <a class=\"read-more\" href=\"https:\/\/fts.uas.edu.mx\/?page_id=707\">Leer m\u00e1s<\/a><\/p>\n","protected":false},"author":4,"featured_media":0,"parent":0,"menu_order":0,"comment_status":"closed","ping_status":"closed","template":"","meta":{"_vp_format_video_url":"","_vp_image_focal_point":[],"footnotes":""},"class_list":["post-707","page","type-page","status-publish","hentry"],"_links":{"self":[{"href":"https:\/\/fts.uas.edu.mx\/index.php?rest_route=\/wp\/v2\/pages\/707","targetHints":{"allow":["GET"]}}],"collection":[{"href":"https:\/\/fts.uas.edu.mx\/index.php?rest_route=\/wp\/v2\/pages"}],"about":[{"href":"https:\/\/fts.uas.edu.mx\/index.php?rest_route=\/wp\/v2\/types\/page"}],"author":[{"embeddable":true,"href":"https:\/\/fts.uas.edu.mx\/index.php?rest_route=\/wp\/v2\/users\/4"}],"replies":[{"embeddable":true,"href":"https:\/\/fts.uas.edu.mx\/index.php?rest_route=%2Fwp%2Fv2%2Fcomments&post=707"}],"version-history":[{"count":29,"href":"https:\/\/fts.uas.edu.mx\/index.php?rest_route=\/wp\/v2\/pages\/707\/revisions"}],"predecessor-version":[{"id":2552,"href":"https:\/\/fts.uas.edu.mx\/index.php?rest_route=\/wp\/v2\/pages\/707\/revisions\/2552"}],"wp:attachment":[{"href":"https:\/\/fts.uas.edu.mx\/index.php?rest_route=%2Fwp%2Fv2%2Fmedia&parent=707"}],"curies":[{"name":"wp","href":"https:\/\/api.w.org\/{rel}","templated":true}]}}

<div data-elementor-type="wp-page" data-elementor-id="707" class="elementor elementor-707">
						<section class="elementor-section elementor-top-section elementor-element elementor-element-457d2db1 elementor-section-boxed elementor-section-height-default elementor-section-height-default" data-id="457d2db1" data-element_type="section">
						<div class="elementor-container elementor-column-gap-default">
					<div class="elementor-column elementor-col-100 elementor-top-column elementor-element elementor-element-6de33f50" data-id="6de33f50" data-element_type="column">
			<div class="elementor-widget-wrap elementor-element-populated">
						<div class="elementor-element elementor-element-4a6be6f7 elementor-widget elementor-widget-text-editor" data-id="4a6be6f7" data-element_type="widget" data-widget_type="text-editor.default">
				<div class="elementor-widget-container">
									<h3 style="text-align: center;"><strong>Dra</strong>. <strong>Gloria Isabel Camacho Bejarano</strong></h3>
<p style="text-align: center;"><strong>Directora</strong></p>
<hr>
<h3 style="text-align: center;"><strong>L.T.S. Karina Moreno Lugo</strong></h3>
<p style="text-align: center;"><strong>Coordinadora de Planeación</strong></p>
<hr>
<h3 style="text-align: center;"><strong>MC. Dulcina Guadalupe Soto Romero</strong></h3>
<p style="text-align: center;"><strong>Secretaria Académica</strong></p>
<hr>
<h3 style="text-align: center;"><strong>MC. Nadia Lizeth Montaño Lugo</strong></h3>
<p style="text-align: center;"><strong>Secretaria Administrativa</strong></p>
<hr>
<h3 style="text-align: center;"><strong>L.T.S. Rafael Valenzuela López</strong></h3>
<p style="text-align: center;"><strong>Coordinadora&nbsp; de Licenciatura y Prácticas</strong></p>
<hr>
<h3 style="text-align: center;"><strong>Dra. María Luisa Urrea Zazueta</strong></h3>
<p style="text-align: center;"><strong>Coordinadora de Posgrado</strong></p>
<hr>
<h3 style="text-align: center;"><strong>L.C.P. María Concepción Macías González</strong></h3>
<p style="text-align: center;"><strong>Coordinadora de&nbsp; SACE</strong></p>
<hr>
<h3 style="text-align: center;"><strong>Lic. Sofia Gallardo Rodríguez</strong></h3>
<p style="text-align: center;"><strong>Coordinadora de Vinculación y Servicios Profesionales</strong></p>
<hr>
<h3 style="text-align: center;"><strong>L.T.S. Cesar Alfonso Velarde García</strong></h3>
<p style="text-align: center;"><strong>Coordinador de Educación Continua</strong></p>
<hr>
<h3 style="text-align: center;"><strong>L.T. S. Hada Brizeth Aispuro Camacho</strong></h3>
<p style="text-align: center;"><strong>Coordinadora de Servicio Social</strong></p>
<hr>
<h3 style="text-align: center;"><strong>Lic. María Casillas Quiñonez</strong></h3>
<p style="text-align: center;"><strong>Coordinadora de Titulación</strong></p>
<hr>
<h3 style="text-align: center;"><strong>Lic. Aracely Jazmín Alarcón Ibarra</strong></h3>
<p style="text-align: center;"><strong>Coordinadora de Tutorías</strong></p>
<hr>
<h3 style="text-align: center;"><strong>L. P. Gladys Berenice Hernández&nbsp;Muñoz</strong></h3>
<p style="text-align: center;"><strong>Coordinadora de Turno Matutino</strong></p>
<hr>
<h3 style="text-align: center;"><strong>Lic. Karicia Mariana Aispuro Camacho</strong></h3>
<p style="text-align: center;"><strong>Coordinadora de Turno Vespertino</strong></p>								</div>
				</div>
					</div>
		</div>
					</div>
		</section>
				</div>

<p>Dra. Gloria Isabel Camacho Bejarano Directora L.T.S. Karina Moreno Lugo Coordinadora de Planeación MC. Dulcina Guadalupe Soto Romero Secretaria Académica MC. Nadia Lizeth Montaño Lugo Secretaria Administrativa L.T.S. Rafael Valenzuela López Coordinadora&nbsp; de Licenciatura y Prácticas Dra. María Luisa Urrea Zazueta Coordinadora de Posgrado L.C.P. María Concepción Macías González Coordinadora de&nbsp; SACE Lic. Sofia Gallardo&hellip; <br /> <a class="read-more" href="https://fts.uas.edu.mx/?page_id=707">Leer más</a></p>
