{"id":692,"date":"2019-02-28T22:41:41","date_gmt":"2019-03-01T05:41:41","guid":{"rendered":"http:\/\/fts.uas.edu.mx\/?page_id=692"},"modified":"2023-06-29T12:56:33","modified_gmt":"2023-06-29T19:56:33","slug":"mision-vision","status":"publish","type":"page","link":"https:\/\/fts.uas.edu.mx\/?page_id=692","title":{"rendered":"MISI\u00d3N Y VISI\u00d3N"},"content":{"rendered":"<p style=\"text-align: left;\"><em><span style=\"color: #000000;\"><strong>CONCEPTO Y OBJETO DE LA PROFESI\u00d3N<\/strong><\/span><\/em><\/p>\n<p><span style=\"color: #000000;\">La\u00a0 profesi\u00f3n\u00a0 de\u00a0 Trabajo\u00a0 Social\u00a0 se\u00a0 constituye\u00a0 y\u00a0 reconstituye\u00a0 de manera permanente en su devenir hist\u00f3rico, defini\u00e9ndose, seg\u00fan diversos contextos y autores, como arte, disciplina, t\u00e9cnica, ciencia y profesi\u00f3n. Existen numerosas definiciones, prevaleciendo la concepci\u00f3n de ser una disciplina de la acci\u00f3n social, es decir, de una pr\u00e1ctica social ordenada y sistem\u00e1tica apoyada en los sistemas te\u00f3ricos de las ciencias sociales.<\/span><\/p>\n<p><span style=\"color: #000000;\">En este proceso de conceptualizaci\u00f3n se\u00f1alamos las aportaciones de la Federaci\u00f3n Internacional de Trabajo Social y la Junta de la Asociaci\u00f3n Internacional de Escuelas de Trabajo Social, tras un periodo largo de revisi\u00f3n, presentaron en el 2014 la definici\u00f3n global del Trabajo Social:<\/span><\/p>\n<p><span style=\"color: #000000;\">El trabajo social es una profesi\u00f3n basada en\u00a0 la\u00a0 pr\u00e1ctica y\u00a0 una\u00a0 disciplina\u00a0 acad\u00e9mica\u00a0 que promueve el cambio y el desarrollo social, la cohesi\u00f3n social, y el fortalecimiento y la liberaci\u00f3n de las personas. Los principios de la justicia social, los derechos humanos, la responsabilidad colectiva y el respeto a la diversidad son fundamentales para el trabajo social. Respaldada por las teor\u00edas del\u00a0 trabajo\u00a0 social,\u00a0 las\u00a0 ciencias\u00a0 sociales,\u00a0 las\u00a0 humanidades\u00a0 y\u00a0 los conocimientos ind\u00edgenas, el trabajo social involucra a las personas y las estructuras para hacer frente a desaf\u00edos de la vida y aumentar el bienestar (FITS: 2014).<\/span><\/p>\n<p><span style=\"color: #000000;\">\u00a0<\/span><\/p>\n<p><em><span style=\"color: #000000;\"><strong>MISI\u00d3N:<\/strong><\/span><\/em><\/p>\n<p><span style=\"color: #000000;\">La Facultad de Trabajo Social\u00a0 Culiac\u00e1n es\u00a0 una instituci\u00f3n\u00a0 de educaci\u00f3n\u00a0 superior y\u00a0 posgrado\u00a0 encargada de\u00a0 formar\u00a0 profesionales\u00a0 del trabajo\u00a0 social\u00a0 con\u00a0 una\u00a0 cultura\u00a0 \u00e9tica,\u00a0 humanista y con competencias para intervenir en los diversos campos del mercado laboral, en atenci\u00f3n a las necesidades y problemas sociales generados en el estado y el pa\u00eds; promoviendo las potencialidades de autogesti\u00f3n de los sujetos sociales y la gesti\u00f3n de pol\u00edticas sociales, p\u00fablicas y privadas que contribuyan a disminuir la desigualdad econ\u00f3mica y social.<\/span><\/p>\n<p>&nbsp;<\/p>\n<p><em><span style=\"color: #000000;\"><strong>VISI\u00d3N<\/strong><\/span><\/em><em><span style=\"color: #000000;\"><strong>:<\/strong><\/span><\/em><\/p>\n<p><span style=\"color: #000000; background-color: transparent;\">Visi\u00f3n la Facultad de Trabajo\u00a0 Social Culiac\u00e1n es una unidad\u00a0 acad\u00e9mica acreditada a nivel\u00a0 nacional\u00a0 e internacional,\u00a0 que\u00a0 diversifica\u00a0 su\u00a0 oferta\u00a0 educativa\u00a0 a trav\u00e9s de programas de pre-grado y posgrado presenciales\u00a0 y\u00a0 a distancia, adem\u00e1s de la educaci\u00f3n continua; planes de estudios actualizados, con pertinencia social y acad\u00e9mica, as\u00ed como una planta docente altamente habilitada y competente en lo\u00a0 disciplinar y\u00a0 pedag\u00f3gico\u00a0 la\u00a0 generaci\u00f3n y\u00a0 divulgaci\u00f3n\u00a0 de\u00a0 conocimientos se\u00a0 realiza a\u00a0 trav\u00e9s de\u00a0 la\u00a0 incursi\u00f3n de un\u00a0 cuerpo\u00a0 acad\u00e9mico\u00a0 consolidado y grupo de investigaci\u00f3n reconocidos por el promep una l\u00ednea de publicaci\u00f3n arbitradas con participaci\u00f3n en redes internacionales que fortalecen la actividad y el movimiento con pares de investigadores de varios pa\u00edses de Am\u00e9rica y Europa desarrolla\u00a0 acciones\u00a0 a trav\u00e9s\u00a0 del\u00a0 centro\u00a0 de\u00a0 estudio\u00a0 de pol\u00edtica\u00a0 social que\u00a0 contribuye\u00a0 al\u00a0 fortalecimiento de la\u00a0 capacidad y competitividad acad\u00e9mica de sus miembros y\u00a0 colaboradores y desarrolla una cultura basada en el cuidado del medio ambiente la sustentabilidad y la autoprotecci\u00f3n.<\/span><\/p>\n","protected":false},"excerpt":{"rendered":"<p>CONCEPTO Y OBJETO DE LA PROFESI\u00d3N La\u00a0 profesi\u00f3n\u00a0 de\u00a0 Trabajo\u00a0 Social\u00a0 se\u00a0 constituye\u00a0 y\u00a0 reconstituye\u00a0 de manera permanente en su devenir hist\u00f3rico, defini\u00e9ndose, seg\u00fan diversos contextos y autores, como arte, disciplina, t\u00e9cnica, ciencia y profesi\u00f3n. Existen numerosas definiciones, prevaleciendo la concepci\u00f3n de ser una disciplina de la acci\u00f3n social, es decir, de una pr\u00e1ctica social&hellip; <br \/> <a class=\"read-more\" href=\"https:\/\/fts.uas.edu.mx\/?page_id=692\">Leer m\u00e1s<\/a><\/p>\n","protected":false},"author":4,"featured_media":0,"parent":0,"menu_order":0,"comment_status":"closed","ping_status":"closed","template":"page-templates\/homepage.php","meta":{"_vp_format_video_url":"","_vp_image_focal_point":[],"footnotes":""},"class_list":["post-692","page","type-page","status-publish","hentry"],"_links":{"self":[{"href":"https:\/\/fts.uas.edu.mx\/index.php?rest_route=\/wp\/v2\/pages\/692","targetHints":{"allow":["GET"]}}],"collection":[{"href":"https:\/\/fts.uas.edu.mx\/index.php?rest_route=\/wp\/v2\/pages"}],"about":[{"href":"https:\/\/fts.uas.edu.mx\/index.php?rest_route=\/wp\/v2\/types\/page"}],"author":[{"embeddable":true,"href":"https:\/\/fts.uas.edu.mx\/index.php?rest_route=\/wp\/v2\/users\/4"}],"replies":[{"embeddable":true,"href":"https:\/\/fts.uas.edu.mx\/index.php?rest_route=%2Fwp%2Fv2%2Fcomments&post=692"}],"version-history":[{"count":14,"href":"https:\/\/fts.uas.edu.mx\/index.php?rest_route=\/wp\/v2\/pages\/692\/revisions"}],"predecessor-version":[{"id":2492,"href":"https:\/\/fts.uas.edu.mx\/index.php?rest_route=\/wp\/v2\/pages\/692\/revisions\/2492"}],"wp:attachment":[{"href":"https:\/\/fts.uas.edu.mx\/index.php?rest_route=%2Fwp%2Fv2%2Fmedia&parent=692"}],"curies":[{"name":"wp","href":"https:\/\/api.w.org\/{rel}","templated":true}]}}

MISIÓN Y VISIÓN

<p style="text-align: left;"><em><span style="color: #000000;"><strong>CONCEPTO Y OBJETO DE LA PROFESIÓN</strong></span></em></p>
<p><span style="color: #000000;">La  profesión  de  Trabajo  Social  se  constituye  y  reconstituye  de manera permanente en su devenir histórico, definiéndose, según diversos contextos y autores, como arte, disciplina, técnica, ciencia y profesión. Existen numerosas definiciones, prevaleciendo la concepción de ser una disciplina de la acción social, es decir, de una práctica social ordenada y sistemática apoyada en los sistemas teóricos de las ciencias sociales.</span></p>
<p><span style="color: #000000;">En este proceso de conceptualización señalamos las aportaciones de la Federación Internacional de Trabajo Social y la Junta de la Asociación Internacional de Escuelas de Trabajo Social, tras un periodo largo de revisión, presentaron en el 2014 la definición global del Trabajo Social:</span></p>
<p><span style="color: #000000;">El trabajo social es una profesión basada en  la  práctica y  una  disciplina  académica  que promueve el cambio y el desarrollo social, la cohesión social, y el fortalecimiento y la liberación de las personas. Los principios de la justicia social, los derechos humanos, la responsabilidad colectiva y el respeto a la diversidad son fundamentales para el trabajo social. Respaldada por las teorías del  trabajo  social,  las  ciencias  sociales,  las  humanidades  y  los conocimientos indígenas, el trabajo social involucra a las personas y las estructuras para hacer frente a desafíos de la vida y aumentar el bienestar (FITS: 2014).</span></p>
<p><span style="color: #000000;"> </span></p>
<p><em><span style="color: #000000;"><strong>MISIÓN:</strong></span></em></p>
<p><span style="color: #000000;">La Facultad de Trabajo Social  Culiacán es  una institución  de educación  superior y  posgrado  encargada de  formar  profesionales  del trabajo  social  con  una  cultura  ética,  humanista y con competencias para intervenir en los diversos campos del mercado laboral, en atención a las necesidades y problemas sociales generados en el estado y el país; promoviendo las potencialidades de autogestión de los sujetos sociales y la gestión de políticas sociales, públicas y privadas que contribuyan a disminuir la desigualdad económica y social.</span></p>
<p>&nbsp;</p>
<p><em><span style="color: #000000;"><strong>VISIÓN</strong></span></em><em><span style="color: #000000;"><strong>:</strong></span></em></p>
<p><span style="color: #000000; background-color: transparent;">Visión la Facultad de Trabajo  Social Culiacán es una unidad  académica acreditada a nivel  nacional  e internacional,  que  diversifica  su  oferta  educativa  a través de programas de pre-grado y posgrado presenciales  y  a distancia, además de la educación continua; planes de estudios actualizados, con pertinencia social y académica, así como una planta docente altamente habilitada y competente en lo  disciplinar y  pedagógico  la  generación y  divulgación  de  conocimientos se  realiza a  través de  la  incursión de un  cuerpo  académico  consolidado y grupo de investigación reconocidos por el promep una línea de publicación arbitradas con participación en redes internacionales que fortalecen la actividad y el movimiento con pares de investigadores de varios países de América y Europa desarrolla  acciones  a través  del  centro  de  estudio  de política  social que  contribuye  al  fortalecimiento de la  capacidad y competitividad académica de sus miembros y  colaboradores y desarrolla una cultura basada en el cuidado del medio ambiente la sustentabilidad y la autoprotección.</span></p>

<p>CONCEPTO Y OBJETO DE LA PROFESIÓN La  profesión  de  Trabajo  Social  se  constituye  y  reconstituye  de manera permanente en su devenir histórico, definiéndose, según diversos contextos y autores, como arte, disciplina, técnica, ciencia y profesión. Existen numerosas definiciones, prevaleciendo la concepción de ser una disciplina de la acción social, es decir, de una práctica social&hellip; <br /> <a class="read-more" href="https://fts.uas.edu.mx/?page_id=692">Leer más</a></p>
