{"id":1888,"date":"2022-09-12T10:42:29","date_gmt":"2022-09-12T17:42:29","guid":{"rendered":"https:\/\/fts.uas.edu.mx\/?page_id=1888"},"modified":"2023-06-30T11:36:57","modified_gmt":"2023-06-30T18:36:57","slug":"tutorias-alumnos","status":"publish","type":"page","link":"https:\/\/fts.uas.edu.mx\/?page_id=1888","title":{"rendered":"TUTOR\u00cdAS ALUMNOS"},"content":{"rendered":"<h3><strong>\u00bfQu\u00e9 es la tutor\u00eda?<\/strong><\/h3>\n<p>Es un proceso de apoyo y acompa\u00f1amiento del estudiante durante su trayecto en el programa educativo, se deben identificar necesidades y problemas acad\u00e9micos tomando en cuenta el desarrollo personal de los estudiantes.<\/p>\n<h3><strong>Durante tu trayectoria escolar:<\/strong><\/h3>\n<ul>\n<li>Te sentir\u00e1s acompa\u00f1ado (a) y orientado en cada momento y en cualquier situaci\u00f3n.<\/li>\n<li>En tu Facultad se implementa un programa universitario para apoyarte cuando algo est\u00e9 dificultando tu desarrollo acad\u00e9mico y\/o personal: ES TUTOR\u00cdAS.<\/li>\n<li>Es conocido por la comunidad Universitaria como el \u201cPIT\u201d (Programa Institucional de Tutor\u00edas).<\/li>\n<li>A trav\u00e9s del SSLAT (Sistema de Seguimiento en L\u00ednea de la Acci\u00f3n Tutorial), garantizamos el seguimiento de la acci\u00f3n tutorial brindada por tus Tutores, Asesor Par y Responsable de Tutor\u00edas. <a href=\"https:\/\/sit.uas.edu.mx\/alumnos\/\">https:\/\/sit.uas.edu.mx\/alumnos\/<\/a><\/li>\n<\/ul>\n<h3><strong>\u00bfQu\u00e9 atiende tutor\u00edas?<\/strong><\/h3>\n<ul>\n<li>La reprobaci\u00f3n o deserci\u00f3n<\/li>\n<li>Asesor\u00edas personales<\/li>\n<li>Asesor\u00edas psicol\u00f3gicas<\/li>\n<li>Justificantes especiales<\/li>\n<li>Necesidades espec\u00edficas de apoyo educativo (NEAE)<\/li>\n<li>Necesidades y\/o problemas con docentes o materias en particular<\/li>\n<\/ul>\n<h3><strong>Buscamos:<\/strong><\/h3>\n<ul>\n<li>Disminuir la posibilidad de que desertes o repruebes durante tu proceso formativo.<\/li>\n<li>Atender oportunamente tus necesidades o problemas acad\u00e9micos, administrativos o personales.<\/li>\n<li>Apoyar a tu formaci\u00f3n de manera integral.<\/li>\n<li>Brindarte sentido de pertenencia a la comunidad universitaria y orgullo por tu carrera LICENCIATURA EN TRABAJO SOCIAL.<\/li>\n<li>Brindarte el servicio que ofrecen el Centro de Apoyo Estudiantil (CAE), ADIUAS, Centro de Pol\u00edticas y Genero y Derechos Universitarios.<\/li>\n<\/ul>\n<p>\u00a0<\/p>\n<h3><strong>\u00bfQu\u00e9 son los tutores?<\/strong><\/h3>\n<p>Son todos aquellos docentes que realizan el acompa\u00f1amiento acad\u00e9mico de los estudiantes dentro y fuera del aula, para el desarrollo de su formaci\u00f3n.\u00a0<\/p>\n<h3><strong>\u00bfQu\u00e9 es un asesor par?<\/strong><\/h3>\n<p>Es aquella persona comprometida a otorgar acompa\u00f1amiento acad\u00e9mico a sus pares dentro y fuera del aula, es decir es un estudiante como t\u00fa.<\/p>\n<h3><strong style=\"font-size: 1.5rem;\">Requisitos para ser asesor par:<\/strong><\/h3>\n<ul>\n<li>Promedio 8.5 general<\/li>\n<li>Actitud para apoyar a los compa\u00f1eros, estudiantes,\u00a0<\/li>\n<li>Fecha iniciar\u00e1 en septiembre al inicio del ciclo escolar<\/li>\n<\/ul>\n<h3><strong>Coordinadora:<\/strong><\/h3>\n<p>L.T.S. Aracely Jazm\u00edn Alarc\u00f3n Ibarra<\/p>\n<h4><strong>Auxiliar:<\/strong><\/h4>\n<p>L.T.S. Rub\u00e9n Alberto Jim\u00e9nez Rodr\u00edguez<\/p>\n<h3><strong>Ub\u00edcanos:\u00a0<\/strong><\/h3>\n<p>Estamos ubicados en el edificio 2, tercer piso, junto a coordinaci\u00f3n de educaci\u00f3n continua.<\/p>\n<h3><strong>Contactos:<\/strong><\/h3>\n<p>Correo: pitrt5020@uas.edu.mx.<br \/>\nTel\u00e9fono: 6671271875\t\t<\/p>\n<h3><strong>Asesor\u00edas Acad\u00e9micas<\/strong><\/h3>\n<p><video src=\"https:\/\/fts.uas.edu.mx\/wp-content\/uploads\/2023\/06\/ASESORIAS-ACADEMICAS.mp4\" width=\"315\" height=\"315\" controls><\/video><\/p>\n<h3><strong>Atenci\u00f3n a alumnos con NEAE<\/strong><\/h3>\n<p><video src=\"https:\/\/fts.uas.edu.mx\/wp-content\/uploads\/2023\/06\/ATENCION-A-ALUMNOS-CON-NEAE.mp4\" width=\"530\" height=\"315\" controls><\/video><\/p>\n<h3><strong>Atendiendo a la reprobaci\u00f3n y su prevenci\u00f3n<\/strong><\/h3>\n<p><video src=\"https:\/\/fts.uas.edu.mx\/wp-content\/uploads\/2023\/06\/ATENDIENDO-LA-REPROBACION-Y-SU-PREVENCION.mp4\" width=\"530\" height=\"315\" controls><\/video>\t\t\t\t\t\t\t\t\t<\/p>\n","protected":false},"excerpt":{"rendered":"<p>\u00bfQu\u00e9 es la tutor\u00eda? Es un proceso de apoyo y acompa\u00f1amiento del estudiante durante su trayecto en el programa educativo, se deben identificar necesidades y problemas acad\u00e9micos tomando en cuenta el desarrollo personal de los estudiantes. Durante tu trayectoria escolar: Te sentir\u00e1s acompa\u00f1ado (a) y orientado en cada momento y en cualquier situaci\u00f3n. En tu&hellip; <br \/> <a class=\"read-more\" href=\"https:\/\/fts.uas.edu.mx\/?page_id=1888\">Leer m\u00e1s<\/a><\/p>\n","protected":false},"author":4,"featured_media":0,"parent":0,"menu_order":0,"comment_status":"closed","ping_status":"closed","template":"","meta":{"_vp_format_video_url":"","_vp_image_focal_point":[],"footnotes":""},"class_list":["post-1888","page","type-page","status-publish","hentry"],"_links":{"self":[{"href":"https:\/\/fts.uas.edu.mx\/index.php?rest_route=\/wp\/v2\/pages\/1888","targetHints":{"allow":["GET"]}}],"collection":[{"href":"https:\/\/fts.uas.edu.mx\/index.php?rest_route=\/wp\/v2\/pages"}],"about":[{"href":"https:\/\/fts.uas.edu.mx\/index.php?rest_route=\/wp\/v2\/types\/page"}],"author":[{"embeddable":true,"href":"https:\/\/fts.uas.edu.mx\/index.php?rest_route=\/wp\/v2\/users\/4"}],"replies":[{"embeddable":true,"href":"https:\/\/fts.uas.edu.mx\/index.php?rest_route=%2Fwp%2Fv2%2Fcomments&post=1888"}],"version-history":[{"count":22,"href":"https:\/\/fts.uas.edu.mx\/index.php?rest_route=\/wp\/v2\/pages\/1888\/revisions"}],"predecessor-version":[{"id":2516,"href":"https:\/\/fts.uas.edu.mx\/index.php?rest_route=\/wp\/v2\/pages\/1888\/revisions\/2516"}],"wp:attachment":[{"href":"https:\/\/fts.uas.edu.mx\/index.php?rest_route=%2Fwp%2Fv2%2Fmedia&parent=1888"}],"curies":[{"name":"wp","href":"https:\/\/api.w.org\/{rel}","templated":true}]}}